{"id":5556,"date":"2021-07-14T17:57:06","date_gmt":"2021-07-14T17:57:06","guid":{"rendered":"http:\/\/ippublicidad.com.ar\/gpsviajes\/?page_id=2824"},"modified":"2022-01-23T14:56:17","modified_gmt":"2022-01-23T14:56:17","slug":"condiciones-generales-de-contratacion","status":"publish","type":"page","link":"https:\/\/gpsviajes.com.ar\/inicio\/condiciones-generales-de-contratacion\/","title":{"rendered":"CONDICIONES GENERALES DE CONTRATACION"},"content":{"rendered":"<p>[vc_row full_width=&#8221;stretch_row&#8221; css=&#8221;.vc_custom_1630610786997{background-color: #ffffff !important;}&#8221;][vc_column width=&#8221;2\/3&#8243; css=&#8221;.vc_custom_1630611151449{margin-right: 15px !important;padding-right: 15px !important;}&#8221;]<div class=\"adventure-holder gallery-home-holder text-block\"><div class=\"centered\"><h2 class=\"intro-heading\">CONDICIONES DE CONTRATACI\u00d3N<\/h2><p class=\"intro\">- Al efectuar la compra de un producto o servicio que ofrecemos, queda autom\u00e1ticamente entendido que el pasajero se notifica y acepta integralmente todas las Condiciones Generales de Contrataci\u00f3n descriptas a continuaci\u00f3n. Cualquier discrepancia que pudiera originarse en cuanto a la interpretaci\u00f3n de tales condiciones quedar\u00e1 sometida a la decisi\u00f3n de los tribunales competentes. Toda vez que reserve, ordene o compre servicios a trav\u00e9s de GPS Viajes Ud. se compromete a transmitir correctamente toda la informaci\u00f3n concerniente a sus datos personales.<\/p>\n<p>- Ud. responsabiliza por el uso de su tarjeta de cr\u00e9dito, as\u00ed como tambi\u00e9n por la disposici\u00f3n de fondos suficientes para cubrir el costo del producto o servicio que se le debitara.<\/p>\n<p>- En el caso que la informaci\u00f3n provista por el Ud. estuviera incompleta o los datos personales no fueran fehacientes, nos reservamos el derecho de rechazar una orden de pedido.<\/p>\n<p>- Los productos o servicios ofrecidos a trav\u00e9s de las distintas secciones de nuestra p\u00e1gina web, se encuentran sujetas a cambios y disponibilidad hasta el momento de confirmada la reserva. La solicitud de una reserva no presupone su confirmaci\u00f3n. Una vez que su solicitud ha sido procesada, se le informar\u00e1 el detalle y el importe de los servicios. Al mismo tiempo se exigir\u00e1 un dep\u00f3sito del 30% del total de compra en concepto de se\u00f1a a fin de garantizar la reserva. El importe restante deber\u00e1 abonarse previo a la salida, consider\u00e1ndose en caso contrario, la plaza como anulada, aplic\u00e1ndose en tal supuesto, las penalidades pertinentes.<\/p>\n<p>- El IVA (Impuesto al Valor Agregado) estar\u00e1 incluido en todas las tarifas en su valor contractual de 21% cuando corresponda y con su correspondiente detalle cuando corresponda, salvo aclaraci\u00f3n o expreso pedido.<\/p><\/div><\/div>[vc_tta_tour shape=&#8221;square&#8221; color=&#8221;sky&#8221; active_section=&#8221;1&#8243; pagination_style=&#8221;outline-square&#8221; pagination_color=&#8221;white&#8221; css_animation=&#8221;bounceIn&#8221; css=&#8221;.vc_custom_1626289432392{background-color: #5aa1e3 !important;}&#8221;][vc_tta_section i_icon_fontawesome=&#8221;fas fa-money-bill-wave&#8221; add_icon=&#8221;true&#8221; title=&#8221;CONDICIONES DE PAGO&#8221; tab_id=&#8221;1626286611368-9dddbb3c-b5c7&#8243;]<div class=\"adventure-holder gallery-home-holder text-block\"><div class=\"centered\"><h2 class=\"intro-heading\">CONDICIONES DE PAGO<\/h2><p class=\"intro\">Los pagos de los servicios pueden realizarse en efectivo en nuestras oficinas: GPS Viajes - San Mart\u00edn 843 Local 7 - Rosario - Santa Fe - Argentina<br \/>\nEn el caso de efectuar el pago mediante dep\u00f3sito deber\u00e1 realizarse con la anticipaci\u00f3n suficiente previendo los tiempos del clearing bancario. Se deber\u00e1 presentar original del dep\u00f3sito para canjear por el recibo de pago una vez acreditado, ya que hasta ese momento no se tendr\u00e1 constancia de la realizaci\u00f3n del mismo.<br \/>\nEn el caso de que el pago se realice con Tarjeta de Cr\u00e9dito, el pasajero deber\u00e1 firmar el cup\u00f3n correspondiente a la tarjeta de cr\u00e9dito previo a la salida, y someterse a los cargos adicionales que pudieran aplicarse de acuerdo a la pol\u00edtica de cada proveedor de servicios. En caso de que la operaci\u00f3n se realice a distancia se le pedir\u00e1 una Carta de Responsabilidad donde afirme que autoriza a debitar los cargos<\/p><\/div><\/div>[\/vc_tta_section][vc_tta_section i_icon_fontawesome=&#8221;fas fa-sign-out-alt&#8221; add_icon=&#8221;true&#8221; title=&#8221;CUENTAS PARA DEP\u00d3SITOS O TRANSFERENCIAS&#8221; tab_id=&#8221;1632401739943-7c2e10d9-54a1&#8243;]<div class=\"adventure-holder gallery-home-holder text-block\"><div class=\"centered\"><h2 class=\"intro-heading\">CUENTAS PARA DEP\u00d3SITOS O TRANSFERENCIAS<\/h2><\/div><\/div>[\/vc_tta_section][vc_tta_section i_icon_fontawesome=&#8221;fas fa-hand-holding-usd&#8221; add_icon=&#8221;true&#8221; title=&#8221;FORMAS Y MEDIOS DE PAGOS&#8221; tab_id=&#8221;1632401846661-24c0cb3e-8fe3&#8243;]<div class=\"adventure-holder gallery-home-holder text-block\"><div class=\"centered\"><h2 class=\"intro-heading\">FORMAS Y MEDIOS DE PAGOS<\/h2><\/div><\/div>[\/vc_tta_section][vc_tta_section i_icon_fontawesome=&#8221;far fa-credit-card&#8221; add_icon=&#8221;true&#8221; title=&#8221;FINANCIACI\u00d3N CON TARJETAS DE CR\u00c9DITOS&#8221; tab_id=&#8221;1632401918578-55cb3846-5030&#8243;]<div class=\"adventure-holder gallery-home-holder text-block\"><div class=\"centered\"><h2 class=\"intro-heading\">FINANCIACI\u00d3N CON TARJETAS DE CR\u00c9DITOS<\/h2><\/div><\/div>[\/vc_tta_section][vc_tta_section i_icon_fontawesome=&#8221;far fa-question-circle&#8221; add_icon=&#8221;true&#8221; title=&#8221;CANCELACIONES Y REEMBOLSOS&#8221; tab_id=&#8221;1626286611373-c648decc-bc9b&#8221;]<div class=\"description-text\"><h3>CANCELACIONES Y REEMBOLSOS<\/h3><p>El envi\u00f3 de la solicitud de viaje no implica la compra ni la confirmaci\u00f3n del servicio, pero una vez que nuestros agentes de reservas han respondido satisfactoriamente a su solicitud y Ud. haya abonado la se\u00f1a o la totalidad de los servicios, toda alteraci\u00f3n o cancelaci\u00f3n quedar\u00e1 sujeta gastos de cancelaci\u00f3n.<br \/>\nGPS Viajes es un agente intermediario entre el proveedor de servicios y los usuarios. Por lo tanto, las multas pertinentes quedar\u00e1n sujetas a las condiciones preestablecidas por cada una de las compa\u00f1\u00edas a\u00e9reas y \/ o prestadores del servicio.<\/p><\/div>[\/vc_tta_section][vc_tta_section i_icon_fontawesome=&#8221;fas fa-arrow-alt-circle-right&#8221; add_icon=&#8221;true&#8221; title=&#8221;RESPONSABILIDADES&#8221; tab_id=&#8221;1626286841798-6dd6f309-5530&#8243;]<div class=\"adventure-holder gallery-home-holder text-block\"><div class=\"centered\"><h2 class=\"intro-heading\">RESPONSABILIDADES<\/h2><p class=\"intro\">GPS Viajes declara expl\u00edcitamente que opera \u00fanicamente como agente intermediario entre los se\u00f1ores pasajeros y los proveedores de servicios utilizados en este programa, tales como empresas transportadoras, hoteles, restaurantes, agencias de autos, transporte terrestre, mar\u00edtimo, ferroviario, etc. y por consiguiente declina todo tipo de responsabilidad por cualquier deficiencia de servicios prestados, as\u00ed tambi\u00e9n sobre da\u00f1os, p\u00e9rdidas, robos y perjuicios que pudieran sufrir en las personas o en los bienes cualquiera fuera la causa que lo origina.<br \/>\nGPS Viajes no se responsabiliza por las demoras y eventuales mayores gastos incurridos debidos a enfermedades, condiciones atmosf\u00e9ricas y clim\u00e1ticas, cat\u00e1strofes naturales, decisiones gubernamentales, ataques terroristas, robos y hurtos, como por cualquier otro motivo de fuerza mayor.<br \/>\nGPS Viajes no se considera responsable por ning\u00fan acto u omisi\u00f3n que pueda ocurrir con los se\u00f1ores pasajeros cuando los mismos se encuentren a bordo de las aeronaves quedando en estos casos como \u00fanico instrumento de responsabilidad el contrato de transporte que se encuentra impreso en el boleto respectivo.<br \/>\nGPS Viajes no ser\u00e1 responsable por atrasos, anticipaciones, cambios de horario, itinerario, alteraciones en las conexiones, cambios de ruta, de aeropuerto, de embarque o desembarque efectuados por la compa\u00f1\u00eda a\u00e9rea. Los aspectos legales sobre las responsabilidades de la compa\u00f1\u00eda a\u00e9rea est\u00e1n esclarecidos en el ``Contrato de Transporte`` impreso en su billete a\u00e9reo.<\/p><\/div><\/div>[\/vc_tta_section][vc_tta_section i_icon_fontawesome=&#8221;fas fa-exclamation-triangle&#8221; add_icon=&#8221;true&#8221; title=&#8221;ALTERACIONES&#8221; tab_id=&#8221;1626287131021-4bec1c5d-bf8b&#8221;]<div class=\"adventure-holder gallery-home-holder text-block\"><div class=\"centered\"><h2 class=\"intro-heading\">ALTERACIONES<\/h2><p class=\"intro\">GPS Viajes se reserva el derecho a alterar el horario, itinerario, excursiones u hotel para su mejor desarrollo sin alterar la duraci\u00f3n del tour. Si el viaje tuviera que acortarse o prolongarse m\u00e1s all\u00e1 de los t\u00e9rminos fijados por causas fortuitas y \/ o de fuerza mayor no imputables a GPS Viajes, los gastos correspondientes correr\u00e1n por cuenta del pasajero sin derecho a devoluci\u00f3n o compensaci\u00f3n alguna.<br \/>\nGPS Viajes no se responsabiliza por la modificaci\u00f3n de horarios y \/ o cambios de vuelo, demoras, huelgas, etc. que se produzcan en las l\u00edneas a\u00e9reas participantes, y los gastos que ello produzca quedar\u00e1 bajo exclusivo cargo de los pasajeros que figuran en el voucher respectivo.<br \/>\nLos pasajes de avi\u00f3n y paquetes de vacaciones comprados a trav\u00e9s de GPS Viajes quedar\u00e1n sujetos a los t\u00e9rminos y condiciones del operador de su vuelo o paquete.<br \/>\nLa aerol\u00ednea o el operador se reserva el derecho a cambiar los detalles de vuelo y rutas<\/p><\/div><\/div>[\/vc_tta_section][vc_tta_section i_icon_fontawesome=&#8221;fab fa-wpforms&#8221; add_icon=&#8221;true&#8221; title=&#8221;DOCUMENTACI\u00d3N Y VISADO&#8221; tab_id=&#8221;1626287206778-07c2d8f5-2acc&#8221;]<div class=\"adventure-holder gallery-home-holder text-block\"><div class=\"centered\"><h2 class=\"intro-heading\">DOCUMENTACI\u00d3N Y VISADO<\/h2><p class=\"intro\">Los pasajeros deber\u00e1n llevar toda la documentaci\u00f3n y visados necesarios para el viaje que realicen. GPS Viajes no se responsabiliza si por la falta de dicha documentaci\u00f3n no se pudieran brindar los servicios necesarios, ni efectuar\u00e1 devoluciones de valores pagados por la misma causa. Es responsabilidad del viajero poseer todo lo necesario para su identificaci\u00f3n personal, antes, durante y a la llegada del mismo, o en su regreso al origen. Esto es sumamente importante cuando se trata de extranjeros, residentes y menores.<br \/>\nEn el caso que su viaje sea impedido por la expiraci\u00f3n o falta de validaci\u00f3n de cualquiera de esos documentos, Ud. no podr\u00e1 realizar ning\u00fan tipo de reivindicaci\u00f3n ante GPS Viajes o el proveedor de productos o servicios como terceras partes.<\/p><\/div><\/div>[\/vc_tta_section][vc_tta_section i_icon_fontawesome=&#8221;fas fa-dolly-flatbed&#8221; add_icon=&#8221;true&#8221; title=&#8221;EQUIPAJE&#8221; tab_id=&#8221;1626287252295-1c38dc92-2394&#8243;]<div class=\"adventure-holder gallery-home-holder text-block\"><div class=\"centered\"><h2 class=\"intro-heading\">EQUIPAJE<\/h2><p class=\"intro\">El equipaje no ser\u00e1 objeto de contrato de transporte, entendiendo por ello a todos los efectos que el viajero conserva siempre consigo, cualquier sea la parte del veh\u00edculo en que sea colocado y transportado por el viajero, por su cuenta y riesgo, sin que esta empresa se vea obligada a responder contractualmente por la p\u00e9rdida o da\u00f1os que pudiera sufrir por cualquier causa.<\/p><\/div><\/div>[\/vc_tta_section][vc_tta_section i_icon_fontawesome=&#8221;fas fa-image&#8221; add_icon=&#8221;true&#8221; title=&#8221;IM\u00c1GENES DURANTE EL TOUR&#8221; tab_id=&#8221;1626287297397-652eefa0-770c&#8221;]<div class=\"adventure-holder gallery-home-holder text-block\"><div class=\"centered\"><h2 class=\"intro-heading\">IM\u00c1GENES DURANTE EL TOUR<\/h2><p class=\"intro\">GPS Viajes se reserva el derecho de tomar fotograf\u00edas, filmar o grabar cualquier tour o parte de \u00e9ste y a utilizar las fotograf\u00edas resultantes, los videos o pel\u00edculas para fines promocionales. Al contratar cualquiera de nuestros programas, los miembros del tour permiten que su imagen aparezca en los medios publicitarios que GPS Viajes elija. Los integrantes de cualquiera de nuestros programas que prefieran que su imagen y \/ o voz no sea utilizada, se les pido que lo notifiquen previo a la partida del tour.<\/p><\/div><\/div>[\/vc_tta_section][\/vc_tta_tour][\/vc_column][vc_column width=&#8221;1\/3&#8243;][vc_raw_html]JTNDYSUyMGhyZWYlM0QlMjJodHRwcyUzQSUyRiUyRnd3dy54ZS5jb20lMkZjdXJyZW5jeWNvbnZlcnRlciUyRiUyMiUzRSUzQ2ltZyUyMHNyYyUzRCUyMmh0dHAlM0ElMkYlMkZncHN2aWFqZXMuY29tLmFyJTJGYmllbnZlbmlkbyUyRndwLWNvbnRlbnQlMkZ1cGxvYWRzJTJGMjAyMSUyRjA4JTJGbG9nb2ZpbmFsTWVzYS1kZS10cmFiYWpvLTMtMTAwLTEuanBnJTIyJTIwaGVpZ2h0JTNEJTIyMjAwcHglMjIlMjB3aWR0aCUzRCUyMjIwMHB4JTIyJTNFJTNDJTJGYSUzRSUwQSUzQ2JyJTNFJTIwJTNDYnIlM0U=[\/vc_raw_html][vc_raw_html]JTNDYSUyMGhyZWYlM0QlMjJodHRwcyUzQSUyRiUyRnd3dy5ob3JhLmVzJTJGJTIyJTNFJTNDaW1nJTIwc3JjJTNEJTIyaHR0cCUzQSUyRiUyRmdwc3ZpYWplcy5jb20uYXIlMkZiaWVudmVuaWRvJTJGd3AtY29udGVudCUyRnVwbG9hZHMlMkYyMDE2JTJGMDQlMkZsb2dvZmluYWxNZXNhLWRlLXRyYWJham8tMi0xMDAtZTE2MzA2MDk3MDg0NzguanBnJTIyJTIwaGVpZ2h0JTNEJTIyMjAwcHglMjIlMjB3aWR0aCUzRCUyMjIwMHB4JTIyJTNFJTNDJTJGYSUzRSUwQSUzQ2JyJTNFJTIwJTNDYnIlM0U=[\/vc_raw_html][vc_raw_html]JTNDYSUyMGhyZWYlM0QlMjJodHRwcyUzQSUyRiUyRndlYXRoZXIuY29tJTJGZXMtVVMlMkZ0aWVtcG8lMkZob3klMkZsJTJGVVNEQzAwMDElM0ExJTNBVVMlMjIlMjBoZWlnaHQlM0QlMjIxMDBweCUyMiUyMHdpZHRoJTNEJTIyMTAwcHglMjIlM0UlM0NpbWclMjBzcmMlM0QlMjJodHRwJTNBJTJGJTJGZ3BzdmlhamVzLmNvbS5hciUyRmJpZW52ZW5pZG8lMkZ3cC1jb250ZW50JTJGdXBsb2FkcyUyRjIwMjElMkYwOCUyRmxvZ29maW5hbE1lc2EtZGUtdHJhYmFqby0xLTEwMC0xLWUxNjMwNjA5NTA1Nzc3LmpwZyUyMiUzRSUzQyUyRmElM0UlMEElM0NiciUzRSUyMCUzQ2JyJTNF[\/vc_raw_html][vc_widget_sidebar sidebar_id=&#8221;sidebar-1&#8243;][\/vc_column][\/vc_row]<\/p>\n","protected":false},"excerpt":{"rendered":"<p>[vc_row full_width=&#8221;stretch_row&#8221; css=&#8221;.vc_custom_1630610786997{background-color: #ffffff !important;}&#8221;][vc_column width=&#8221;2\/3&#8243; css=&#8221;.vc_custom_1630611151449{margin-right: 15px !important;padding-right: 15px !important;}&#8221;][vc_tta_tour shape=&#8221;square&#8221; color=&#8221;sky&#8221; active_section=&#8221;1&#8243; pagination_style=&#8221;outline-square&#8221; pagination_color=&#8221;white&#8221; css_animation=&#8221;bounceIn&#8221; css=&#8221;.vc_custom_1626289432392{background-color: #5aa1e3 !important;}&#8221;][vc_tta_section i_icon_fontawesome=&#8221;fas fa-money-bill-wave&#8221; add_icon=&#8221;true&#8221; title=&#8221;CONDICIONES DE PAGO&#8221; tab_id=&#8221;1626286611368-9dddbb3c-b5c7&#8243;][\/vc_tta_section][vc_tta_section i_icon_fontawesome=&#8221;fas fa-sign-out-alt&#8221; add_icon=&#8221;true&#8221; title=&#8221;CUENTAS PARA DEP\u00d3SITOS O TRANSFERENCIAS&#8221; tab_id=&#8221;1632401739943-7c2e10d9-54a1&#8243;][\/vc_tta_section][vc_tta_section i_icon_fontawesome=&#8221;fas fa-hand-holding-usd&#8221; add_icon=&#8221;true&#8221; title=&#8221;FORMAS Y MEDIOS DE PAGOS&#8221; tab_id=&#8221;1632401846661-24c0cb3e-8fe3&#8243;][\/vc_tta_section][vc_tta_section i_icon_fontawesome=&#8221;far fa-credit-card&#8221; add_icon=&#8221;true&#8221; title=&#8221;FINANCIACI\u00d3N CON TARJETAS DE CR\u00c9DITOS&#8221; tab_id=&#8221;1632401918578-55cb3846-5030&#8243;][\/vc_tta_section][vc_tta_section i_icon_fontawesome=&#8221;far [&hellip;]<\/p>\n","protected":false},"author":2,"featured_media":0,"parent":0,"menu_order":0,"comment_status":"closed","ping_status":"closed","template":"","meta":{"_monsterinsights_skip_tracking":false,"_monsterinsights_sitenote_active":false,"_monsterinsights_sitenote_note":"","_monsterinsights_sitenote_category":0,"footnotes":""},"class_list":["post-5556","page","type-page","status-publish","hentry"],"aioseo_notices":[],"_links":{"self":[{"href":"https:\/\/gpsviajes.com.ar\/inicio\/wp-json\/wp\/v2\/pages\/5556","targetHints":{"allow":["GET"]}}],"collection":[{"href":"https:\/\/gpsviajes.com.ar\/inicio\/wp-json\/wp\/v2\/pages"}],"about":[{"href":"https:\/\/gpsviajes.com.ar\/inicio\/wp-json\/wp\/v2\/types\/page"}],"author":[{"embeddable":true,"href":"https:\/\/gpsviajes.com.ar\/inicio\/wp-json\/wp\/v2\/users\/2"}],"replies":[{"embeddable":true,"href":"https:\/\/gpsviajes.com.ar\/inicio\/wp-json\/wp\/v2\/comments?post=5556"}],"version-history":[{"count":3,"href":"https:\/\/gpsviajes.com.ar\/inicio\/wp-json\/wp\/v2\/pages\/5556\/revisions"}],"predecessor-version":[{"id":7867,"href":"https:\/\/gpsviajes.com.ar\/inicio\/wp-json\/wp\/v2\/pages\/5556\/revisions\/7867"}],"wp:attachment":[{"href":"https:\/\/gpsviajes.com.ar\/inicio\/wp-json\/wp\/v2\/media?parent=5556"}],"curies":[{"name":"wp","href":"https:\/\/api.w.org\/{rel}","templated":true}]}}