{"id":13592,"date":"2024-11-28T11:05:19","date_gmt":"2024-11-28T11:05:19","guid":{"rendered":"https:\/\/gpsviajes.com.ar\/inicio\/?post_type=product&#038;p=13592"},"modified":"2025-12-22T18:00:01","modified_gmt":"2025-12-22T18:00:01","slug":"vina-del-mar-verano-2025-4","status":"publish","type":"product","link":"https:\/\/gpsviajes.com.ar\/inicio\/product\/vina-del-mar-verano-2025-4\/","title":{"rendered":"VI\u00d1A DEL MAR | Chile 2026"},"content":{"rendered":"<p style=\"text-align: center;\"><strong>Bus Especial MIX (semicama arriba &#8211; cama abajo) | Alojamiento 5-6-7 Noches | Media Pensi\u00f3n | Excursiones | Traslados | Coordinador | Gu\u00edas locales | Asistencia M\u00e9dica<\/strong><\/p>\n<p style=\"text-align: center;\"><strong>Salida Enero 2026:\u00a0 17 (7 Noches)<\/strong><\/p>\n<p style=\"text-align: center;\"><strong>Salida Enero 2026:\u00a0 31 (6 Noches)<\/strong><\/p>\n<p style=\"text-align: center;\"><strong>Salida Febrero 2026:\u00a0 14 (6 Noches)<\/strong><\/p>\n<p style=\"text-align: center;\"><strong>*Tarifas expresadas en d\u00f3lares estadounidenses<\/strong><\/p>\n<p style=\"text-align: center;\"><a href=\"https:\/\/gpsviajes.com.ar\/inicio\/wp-content\/uploads\/2024\/11\/VINA-DEL-MAR-Verano-2026-10-dias-7-noches-17-31ENE-14FEB-2026-Descripcion-del-programa-Marittima-A.pdf\"><img loading=\"lazy\" decoding=\"async\" class=\"alignnone wp-image-6966\" src=\"https:\/\/gpsviajes.com.ar\/inicio\/wp-content\/uploads\/2016\/05\/ConsultoriosMesa-de-trabajo-56.png\" alt=\"\" width=\"100\" height=\"102\" \/><\/a><a href=\"https:\/\/gpsviajes.com.ar\/inicio\/wp-content\/uploads\/2024\/11\/VINA-DEL-MAR-Verano-2026-10-dias-7-noches-17-31ENE-14FEB-2026-Descripcion-del-programa-Marittima-A.pdf\"><img loading=\"lazy\" decoding=\"async\" class=\"alignnone wp-image-6892\" src=\"https:\/\/gpsviajes.com.ar\/inicio\/wp-content\/uploads\/2016\/05\/BotonesMesa-de-trabajo-24.png\" alt=\"\" width=\"100\" height=\"102\" \/><\/a><a href=\"https:\/\/marittimaoperadores.com\/wp-content\/uploads\/2025\/08\/Master-Basic-25k-.pdf\"><img loading=\"lazy\" decoding=\"async\" class=\"alignnone wp-image-6896\" src=\"https:\/\/gpsviajes.com.ar\/inicio\/wp-content\/uploads\/2016\/05\/BotonesMesa-de-trabajo-28.png\" alt=\"\" width=\"100\" height=\"102\" \/><\/a><\/p>\n<p style=\"text-align: center;\"><a href=\"https:\/\/gpsviajes.com.ar\/inicio\/wp-content\/uploads\/2016\/05\/BotonesMesa-de-trabajo-32-1.png\"><img loading=\"lazy\" decoding=\"async\" class=\"alignnone wp-image-7268\" src=\"https:\/\/gpsviajes.com.ar\/inicio\/wp-content\/uploads\/2016\/05\/BotonesMesa-de-trabajo-32-1.png\" alt=\"\" width=\"50\" height=\"50\" srcset=\"https:\/\/gpsviajes.com.ar\/inicio\/wp-content\/uploads\/2016\/05\/BotonesMesa-de-trabajo-32-1.png 201w, https:\/\/gpsviajes.com.ar\/inicio\/wp-content\/uploads\/2016\/05\/BotonesMesa-de-trabajo-32-1-150x150.png 150w, https:\/\/gpsviajes.com.ar\/inicio\/wp-content\/uploads\/2016\/05\/BotonesMesa-de-trabajo-32-1-100x100.png 100w\" sizes=\"auto, (max-width: 50px) 100vw, 50px\" \/><\/a><a href=\"https:\/\/gpsviajes.com.ar\/inicio\/wp-content\/uploads\/2016\/05\/BotonesMesa-de-trabajo-33.png\"><img loading=\"lazy\" decoding=\"async\" class=\"alignnone wp-image-6818\" src=\"https:\/\/gpsviajes.com.ar\/inicio\/wp-content\/uploads\/2016\/05\/BotonesMesa-de-trabajo-33.png\" alt=\"\" width=\"50\" height=\"50\" srcset=\"https:\/\/gpsviajes.com.ar\/inicio\/wp-content\/uploads\/2016\/05\/BotonesMesa-de-trabajo-33.png 201w, https:\/\/gpsviajes.com.ar\/inicio\/wp-content\/uploads\/2016\/05\/BotonesMesa-de-trabajo-33-150x150.png 150w, https:\/\/gpsviajes.com.ar\/inicio\/wp-content\/uploads\/2016\/05\/BotonesMesa-de-trabajo-33-100x100.png 100w\" sizes=\"auto, (max-width: 50px) 100vw, 50px\" \/><\/a><a href=\"https:\/\/gpsviajes.com.ar\/inicio\/wp-content\/uploads\/2016\/05\/18-04Mesa-de-trabajo-35.png\"><img loading=\"lazy\" decoding=\"async\" class=\"alignnone wp-image-10611\" src=\"https:\/\/gpsviajes.com.ar\/inicio\/wp-content\/uploads\/2016\/05\/18-04Mesa-de-trabajo-35.png\" alt=\"\" width=\"50\" height=\"50\" srcset=\"https:\/\/gpsviajes.com.ar\/inicio\/wp-content\/uploads\/2016\/05\/18-04Mesa-de-trabajo-35.png 201w, https:\/\/gpsviajes.com.ar\/inicio\/wp-content\/uploads\/2016\/05\/18-04Mesa-de-trabajo-35-150x150.png 150w, https:\/\/gpsviajes.com.ar\/inicio\/wp-content\/uploads\/2016\/05\/18-04Mesa-de-trabajo-35-100x100.png 100w\" sizes=\"auto, (max-width: 50px) 100vw, 50px\" \/><\/a><a href=\"https:\/\/gpsviajes.com.ar\/inicio\/wp-content\/uploads\/2016\/05\/02-05Mesa-de-trabajo-47.png\"><img loading=\"lazy\" decoding=\"async\" class=\"alignnone wp-image-10660\" src=\"https:\/\/gpsviajes.com.ar\/inicio\/wp-content\/uploads\/2016\/05\/02-05Mesa-de-trabajo-47.png\" alt=\"\" width=\"50\" height=\"50\" srcset=\"https:\/\/gpsviajes.com.ar\/inicio\/wp-content\/uploads\/2016\/05\/02-05Mesa-de-trabajo-47.png 201w, https:\/\/gpsviajes.com.ar\/inicio\/wp-content\/uploads\/2016\/05\/02-05Mesa-de-trabajo-47-150x150.png 150w, https:\/\/gpsviajes.com.ar\/inicio\/wp-content\/uploads\/2016\/05\/02-05Mesa-de-trabajo-47-100x100.png 100w\" sizes=\"auto, (max-width: 50px) 100vw, 50px\" \/><\/a><a href=\"https:\/\/gpsviajes.com.ar\/inicio\/wp-content\/uploads\/2016\/05\/18-04Mesa-de-trabajo-15.png\"><img loading=\"lazy\" decoding=\"async\" class=\"alignnone wp-image-10607\" src=\"https:\/\/gpsviajes.com.ar\/inicio\/wp-content\/uploads\/2016\/05\/18-04Mesa-de-trabajo-15.png\" alt=\"\" width=\"50\" height=\"50\" srcset=\"https:\/\/gpsviajes.com.ar\/inicio\/wp-content\/uploads\/2016\/05\/18-04Mesa-de-trabajo-15.png 201w, https:\/\/gpsviajes.com.ar\/inicio\/wp-content\/uploads\/2016\/05\/18-04Mesa-de-trabajo-15-150x150.png 150w, https:\/\/gpsviajes.com.ar\/inicio\/wp-content\/uploads\/2016\/05\/18-04Mesa-de-trabajo-15-100x100.png 100w\" sizes=\"auto, (max-width: 50px) 100vw, 50px\" \/><\/a><a href=\"https:\/\/gpsviajes.com.ar\/inicio\/wp-content\/uploads\/2016\/05\/18-04Mesa-de-trabajo-33.png\"><img loading=\"lazy\" decoding=\"async\" class=\"alignnone wp-image-10609\" src=\"https:\/\/gpsviajes.com.ar\/inicio\/wp-content\/uploads\/2016\/05\/18-04Mesa-de-trabajo-33.png\" alt=\"\" width=\"50\" height=\"50\" srcset=\"https:\/\/gpsviajes.com.ar\/inicio\/wp-content\/uploads\/2016\/05\/18-04Mesa-de-trabajo-33.png 201w, https:\/\/gpsviajes.com.ar\/inicio\/wp-content\/uploads\/2016\/05\/18-04Mesa-de-trabajo-33-150x150.png 150w, https:\/\/gpsviajes.com.ar\/inicio\/wp-content\/uploads\/2016\/05\/18-04Mesa-de-trabajo-33-100x100.png 100w\" sizes=\"auto, (max-width: 50px) 100vw, 50px\" \/><\/a><a href=\"https:\/\/gpsviajes.com.ar\/inicio\/wp-content\/uploads\/2016\/05\/BotonesMesa-de-trabajo-48_1.png\"><img loading=\"lazy\" decoding=\"async\" class=\"alignnone wp-image-6846\" src=\"https:\/\/gpsviajes.com.ar\/inicio\/wp-content\/uploads\/2016\/05\/BotonesMesa-de-trabajo-48_1.png\" alt=\"\" width=\"50\" height=\"50\" srcset=\"https:\/\/gpsviajes.com.ar\/inicio\/wp-content\/uploads\/2016\/05\/BotonesMesa-de-trabajo-48_1.png 201w, https:\/\/gpsviajes.com.ar\/inicio\/wp-content\/uploads\/2016\/05\/BotonesMesa-de-trabajo-48_1-150x150.png 150w, https:\/\/gpsviajes.com.ar\/inicio\/wp-content\/uploads\/2016\/05\/BotonesMesa-de-trabajo-48_1-100x100.png 100w\" sizes=\"auto, (max-width: 50px) 100vw, 50px\" \/><\/a><\/p>\n<p style=\"text-align: center;\"><strong>El precio No incluye\u00a0 Percepci\u00f3n AFIP RG4815<\/strong><\/p>\n","protected":false},"excerpt":{"rendered":"<p style=\"text-align: center;\"><strong>Bus Especial MIX | Alojamiento 5-6-7 Noches | Media Pensi\u00f3n | Excursiones | Traslados | Coordinador | Gu\u00edas locales | Asistencia M\u00e9dica<\/strong><\/p>\n","protected":false},"featured_media":13351,"comment_status":"open","ping_status":"closed","template":"","meta":{"_monsterinsights_skip_tracking":false,"_monsterinsights_sitenote_active":false,"_monsterinsights_sitenote_note":"","_monsterinsights_sitenote_category":0},"product_brand":[],"product_cat":[218,236,243,237,258,145,109,141,196,155],"product_tag":[],"class_list":{"0":"post-13592","1":"product","2":"type-product","3":"status-publish","4":"has-post-thumbnail","6":"product_cat-aereo","7":"product_cat-alojamiento","8":"product_cat-argentina","9":"product_cat-asistencia-medica","10":"product_cat-chile","11":"product_cat-cultural","12":"product_cat-excursiones-por-la-ciudad","13":"product_cat-montana","14":"product_cat-naturaleza","15":"product_cat-playa","16":"holiday_type-cultura","17":"holiday_type-familia","18":"holiday_type-montana","19":"holiday_type-naturaleza","20":"holiday_type-ninos","21":"holiday_type-playa","22":"holiday_type-visitas-guiadas","23":"destination-argentina","24":"destination-chile","25":"destination-viajes-regionales","26":"destination-salidas-grupales","27":"activity_level-moderate","29":"first","30":"instock","31":"shipping-taxable","32":"purchasable","33":"product-type-variable"},"aioseo_notices":[],"_links":{"self":[{"href":"https:\/\/gpsviajes.com.ar\/inicio\/wp-json\/wp\/v2\/product\/13592","targetHints":{"allow":["GET"]}}],"collection":[{"href":"https:\/\/gpsviajes.com.ar\/inicio\/wp-json\/wp\/v2\/product"}],"about":[{"href":"https:\/\/gpsviajes.com.ar\/inicio\/wp-json\/wp\/v2\/types\/product"}],"replies":[{"embeddable":true,"href":"https:\/\/gpsviajes.com.ar\/inicio\/wp-json\/wp\/v2\/comments?post=13592"}],"wp:featuredmedia":[{"embeddable":true,"href":"https:\/\/gpsviajes.com.ar\/inicio\/wp-json\/wp\/v2\/media\/13351"}],"wp:attachment":[{"href":"https:\/\/gpsviajes.com.ar\/inicio\/wp-json\/wp\/v2\/media?parent=13592"}],"wp:term":[{"taxonomy":"product_brand","embeddable":true,"href":"https:\/\/gpsviajes.com.ar\/inicio\/wp-json\/wp\/v2\/product_brand?post=13592"},{"taxonomy":"product_cat","embeddable":true,"href":"https:\/\/gpsviajes.com.ar\/inicio\/wp-json\/wp\/v2\/product_cat?post=13592"},{"taxonomy":"product_tag","embeddable":true,"href":"https:\/\/gpsviajes.com.ar\/inicio\/wp-json\/wp\/v2\/product_tag?post=13592"}],"curies":[{"name":"wp","href":"https:\/\/api.w.org\/{rel}","templated":true}]}}