{"id":14026,"date":"2026-04-17T18:26:15","date_gmt":"2026-04-17T18:26:15","guid":{"rendered":"https:\/\/gpsviajes.com.ar\/inicio\/?post_type=product&#038;p=14026"},"modified":"2026-04-17T19:38:32","modified_gmt":"2026-04-17T19:38:32","slug":"bariloche-s-m-andes-23","status":"publish","type":"product","link":"https:\/\/gpsviajes.com.ar\/inicio\/product\/bariloche-s-m-andes-23\/","title":{"rendered":"BARILOCHE &#038; S.M.ANDES"},"content":{"rendered":"<p style=\"text-align: center;\"><strong>Bus Especial MIX (semicama arriba &#8211; cama abajo) | Alojamiento 5 Noches | Media Pensi\u00f3n | Excursiones | Traslados | <\/strong><strong>Coordinador | Gu\u00edas Locales<\/strong><\/p>\n<p style=\"text-align: center;\"><strong>Salidas Junio 2026: 23 &#8211; 29<\/strong><strong>\u00a0<\/strong><\/p>\n<p style=\"text-align: center;\"><img loading=\"lazy\" decoding=\"async\" class=\"alignnone wp-image-6966\" src=\"https:\/\/gpsviajes.com.ar\/inicio\/wp-content\/uploads\/2016\/05\/ConsultoriosMesa-de-trabajo-56.png\" alt=\"\" width=\"100\" height=\"102\" \/><img loading=\"lazy\" decoding=\"async\" class=\"alignnone wp-image-6892\" src=\"https:\/\/gpsviajes.com.ar\/inicio\/wp-content\/uploads\/2016\/05\/BotonesMesa-de-trabajo-24.png\" alt=\"\" width=\"100\" height=\"102\" \/><img loading=\"lazy\" decoding=\"async\" class=\"alignnone wp-image-6908\" src=\"https:\/\/gpsviajes.com.ar\/inicio\/wp-content\/uploads\/2016\/05\/cotizaMesa-de-trabajo-55.png\" alt=\"\" width=\"100\" height=\"102\" \/><\/p>\n<p style=\"text-align: center;\">\u00a0<a href=\"https:\/\/gpsviajes.com.ar\/inicio\/wp-content\/uploads\/2016\/05\/BotonesMesa-de-trabajo-32.png\"><img loading=\"lazy\" decoding=\"async\" class=\"alignnone wp-image-6817\" src=\"https:\/\/gpsviajes.com.ar\/inicio\/wp-content\/uploads\/2016\/05\/BotonesMesa-de-trabajo-32.png\" alt=\"\" width=\"50\" height=\"50\" srcset=\"https:\/\/gpsviajes.com.ar\/inicio\/wp-content\/uploads\/2016\/05\/BotonesMesa-de-trabajo-32.png 201w, https:\/\/gpsviajes.com.ar\/inicio\/wp-content\/uploads\/2016\/05\/BotonesMesa-de-trabajo-32-150x150.png 150w, https:\/\/gpsviajes.com.ar\/inicio\/wp-content\/uploads\/2016\/05\/BotonesMesa-de-trabajo-32-100x100.png 100w\" sizes=\"auto, (max-width: 50px) 100vw, 50px\" \/><\/a><a href=\"https:\/\/gpsviajes.com.ar\/inicio\/wp-content\/uploads\/2016\/05\/BotonesMesa-de-trabajo-33.png\"><img loading=\"lazy\" decoding=\"async\" class=\"alignnone wp-image-6818\" src=\"https:\/\/gpsviajes.com.ar\/inicio\/wp-content\/uploads\/2016\/05\/BotonesMesa-de-trabajo-33.png\" alt=\"\" width=\"50\" height=\"50\" srcset=\"https:\/\/gpsviajes.com.ar\/inicio\/wp-content\/uploads\/2016\/05\/BotonesMesa-de-trabajo-33.png 201w, https:\/\/gpsviajes.com.ar\/inicio\/wp-content\/uploads\/2016\/05\/BotonesMesa-de-trabajo-33-150x150.png 150w, https:\/\/gpsviajes.com.ar\/inicio\/wp-content\/uploads\/2016\/05\/BotonesMesa-de-trabajo-33-100x100.png 100w\" sizes=\"auto, (max-width: 50px) 100vw, 50px\" \/><\/a> <a href=\"https:\/\/gpsviajes.com.ar\/inicio\/wp-content\/uploads\/2016\/05\/18-04Mesa-de-trabajo-35.png\"><img loading=\"lazy\" decoding=\"async\" class=\"alignnone wp-image-10611\" src=\"https:\/\/gpsviajes.com.ar\/inicio\/wp-content\/uploads\/2016\/05\/18-04Mesa-de-trabajo-35.png\" alt=\"\" width=\"50\" height=\"50\" srcset=\"https:\/\/gpsviajes.com.ar\/inicio\/wp-content\/uploads\/2016\/05\/18-04Mesa-de-trabajo-35.png 201w, https:\/\/gpsviajes.com.ar\/inicio\/wp-content\/uploads\/2016\/05\/18-04Mesa-de-trabajo-35-150x150.png 150w, https:\/\/gpsviajes.com.ar\/inicio\/wp-content\/uploads\/2016\/05\/18-04Mesa-de-trabajo-35-100x100.png 100w\" sizes=\"auto, (max-width: 50px) 100vw, 50px\" \/><\/a> <a href=\"https:\/\/gpsviajes.com.ar\/inicio\/wp-content\/uploads\/2016\/05\/02-05Mesa-de-trabajo-47.png\"><img loading=\"lazy\" decoding=\"async\" class=\"alignnone wp-image-10660\" src=\"https:\/\/gpsviajes.com.ar\/inicio\/wp-content\/uploads\/2016\/05\/02-05Mesa-de-trabajo-47.png\" alt=\"\" width=\"50\" height=\"50\" srcset=\"https:\/\/gpsviajes.com.ar\/inicio\/wp-content\/uploads\/2016\/05\/02-05Mesa-de-trabajo-47.png 201w, https:\/\/gpsviajes.com.ar\/inicio\/wp-content\/uploads\/2016\/05\/02-05Mesa-de-trabajo-47-150x150.png 150w, https:\/\/gpsviajes.com.ar\/inicio\/wp-content\/uploads\/2016\/05\/02-05Mesa-de-trabajo-47-100x100.png 100w\" sizes=\"auto, (max-width: 50px) 100vw, 50px\" \/><\/a><a href=\"https:\/\/gpsviajes.com.ar\/inicio\/wp-content\/uploads\/2016\/05\/18-04Mesa-de-trabajo-15.png\"><img loading=\"lazy\" decoding=\"async\" class=\"alignnone wp-image-10607\" src=\"https:\/\/gpsviajes.com.ar\/inicio\/wp-content\/uploads\/2016\/05\/18-04Mesa-de-trabajo-15.png\" alt=\"\" width=\"50\" height=\"50\" srcset=\"https:\/\/gpsviajes.com.ar\/inicio\/wp-content\/uploads\/2016\/05\/18-04Mesa-de-trabajo-15.png 201w, https:\/\/gpsviajes.com.ar\/inicio\/wp-content\/uploads\/2016\/05\/18-04Mesa-de-trabajo-15-150x150.png 150w, https:\/\/gpsviajes.com.ar\/inicio\/wp-content\/uploads\/2016\/05\/18-04Mesa-de-trabajo-15-100x100.png 100w\" sizes=\"auto, (max-width: 50px) 100vw, 50px\" \/><\/a><a href=\"https:\/\/gpsviajes.com.ar\/inicio\/wp-content\/uploads\/2016\/05\/18-04Mesa-de-trabajo-33.png\"><img loading=\"lazy\" decoding=\"async\" class=\"alignnone wp-image-10609\" src=\"https:\/\/gpsviajes.com.ar\/inicio\/wp-content\/uploads\/2016\/05\/18-04Mesa-de-trabajo-33.png\" alt=\"\" width=\"50\" height=\"50\" srcset=\"https:\/\/gpsviajes.com.ar\/inicio\/wp-content\/uploads\/2016\/05\/18-04Mesa-de-trabajo-33.png 201w, https:\/\/gpsviajes.com.ar\/inicio\/wp-content\/uploads\/2016\/05\/18-04Mesa-de-trabajo-33-150x150.png 150w, https:\/\/gpsviajes.com.ar\/inicio\/wp-content\/uploads\/2016\/05\/18-04Mesa-de-trabajo-33-100x100.png 100w\" sizes=\"auto, (max-width: 50px) 100vw, 50px\" \/><\/a><\/p>\n<p style=\"text-align: center;\"><a href=\"https:\/\/gpsviajes.com.ar\/inicio\/wp-content\/uploads\/2016\/05\/LogoCAMesa-de-trabajo-59demo.jpg\"><img loading=\"lazy\" decoding=\"async\" class=\"alignnone wp-image-13857\" src=\"https:\/\/gpsviajes.com.ar\/inicio\/wp-content\/uploads\/2016\/05\/LogoCAMesa-de-trabajo-59demo.jpg\" alt=\"\" width=\"102\" height=\"105\" \/><\/a><\/p>\n","protected":false},"excerpt":{"rendered":"<p><span style=\"color: #000000;\"><strong>San Carlos de Bariloche<\/strong>, conocida simplemente como\u00a0<strong>Bariloche<\/strong>, es una ciudad argentina que, con 125.000 habitantes (2020), es la m\u00e1s poblada de la\u00a0<a style=\"color: #000000;\" href=\"https:\/\/es.wikipedia.org\/wiki\/Provincia_de_R%C3%ADo_Negro\">provincia de R\u00edo Negro<\/a>, siendo adem\u00e1s la\u00a0<a style=\"color: #000000;\" href=\"https:\/\/es.wikipedia.org\/wiki\/Capital_(pol%C3%ADtica)\">capital<\/a>\u00a0del\u00a0<a style=\"color: #000000;\" href=\"https:\/\/es.wikipedia.org\/wiki\/Departamento_Bariloche\">departamento Bariloche<\/a>.<\/span><\/p>\n<p><span style=\"color: #000000;\">Bariloche es el destino m\u00e1s visitado de la\u00a0<a style=\"color: #000000;\" href=\"https:\/\/es.wikipedia.org\/wiki\/Patagonia\">Patagonia<\/a>\u00a0y uno de los destinos m\u00e1s visitados de la\u00a0<a style=\"color: #000000;\" href=\"https:\/\/es.wikipedia.org\/wiki\/Argentina\">Argentina<\/a>. Recibe alrededor de dos millones de turistas anualmente, principalmente en temporada invernal, entre los que se destacan por su afluencia los provenientes de pa\u00edses de\u00a0<a style=\"color: #000000;\" href=\"https:\/\/es.wikipedia.org\/wiki\/Europa\">Europa<\/a>\u00a0y\u00a0<a style=\"color: #000000;\" href=\"https:\/\/es.wikipedia.org\/wiki\/Am%C3%A9rica_del_Sur\">Am\u00e9rica<\/a>. Es conocida por ser el destino principal del viaje de egresados secundarios en Argentina y\u00a0<a style=\"color: #000000;\" href=\"https:\/\/es.wikipedia.org\/wiki\/Uruguay\">Uruguay<\/a>.<\/span><\/p>\n<p><span style=\"color: #000000;\">Es la ciudad argentina m\u00e1s poblada de los\u00a0<a style=\"color: #000000;\" href=\"https:\/\/es.wikipedia.org\/wiki\/Andes_Patag%C3%B3nicos\">Andes Patag\u00f3nicos<\/a>. Est\u00e1 ubicada en el\u00a0<strong><a style=\"color: #000000;\" href=\"https:\/\/es.wikipedia.org\/wiki\/Parque_nacional_Nahuel_Huapi\">Parque Nacional Nahuel Huapi<\/a>,<\/strong> en el suroeste de la provincia de R\u00edo Negro, junto a la\u00a0<a style=\"color: #000000;\" href=\"https:\/\/es.wikipedia.org\/wiki\/Cordillera_de_los_Andes\">cordillera de los Andes<\/a>, en la ribera sur del\u00a0<a style=\"color: #000000;\" href=\"https:\/\/es.wikipedia.org\/wiki\/Lago_Nahuel_Huapi\">lago Nahuel Huapi<\/a>, a 832\u00a0km de\u00a0<a style=\"color: #000000;\" href=\"https:\/\/es.wikipedia.org\/wiki\/Viedma\">Viedma<\/a>, la capital de la provincia.<\/span><\/p>\n<p><span style=\"color: #000000;\">Sus reservas naturales, que incluyen lagos, bosques y monta\u00f1as, y sus destacados\u00a0<a style=\"color: #000000;\" href=\"https:\/\/es.wikipedia.org\/wiki\/Centro_de_esqu%C3%AD\">centros de esqu\u00ed<\/a>\u00a0son el principal atractivo. La ciudad ha sido considerada por algunas fuentes como el segundo destino de\u00a0<a style=\"color: #000000;\" href=\"https:\/\/es.wikipedia.org\/wiki\/Esqu%C3%AD\">esqu\u00ed<\/a>\u00a0a nivel mundial y el m\u00e1s grande de\u00a0<a style=\"color: #000000;\" href=\"https:\/\/es.wikipedia.org\/wiki\/Am%C3%A9rica_del_Sur\">Am\u00e9rica del Sur<\/a>. Cuenta adem\u00e1s con las\u00a0<a style=\"color: #000000;\" href=\"https:\/\/es.wikipedia.org\/wiki\/Aves\">aves<\/a>\u00a0m\u00e1s grandes del Mundo.<\/span><\/p>\n<p><span style=\"color: #000000;\">Bariloche es adem\u00e1s uno de los polos cient\u00edficos y tecnol\u00f3gicos m\u00e1s importantes de\u00a0<a style=\"color: #000000;\" href=\"https:\/\/es.wikipedia.org\/wiki\/Am%C3%A9rica\">Am\u00e9rica<\/a>,<sup><a style=\"color: #000000;\" href=\"https:\/\/es.wikipedia.org\/wiki\/San_Carlos_de_Bariloche#cite_note-7\">7<\/a><\/sup>\u200b donde se encuentran el\u00a0<a style=\"color: #000000;\" href=\"https:\/\/es.wikipedia.org\/wiki\/Centro_At%C3%B3mico_Bariloche\">Centro At\u00f3mico Bariloche<\/a>\u00a0de investigaci\u00f3n, perteneciente a la\u00a0<strong><a style=\"color: #000000;\" href=\"https:\/\/es.wikipedia.org\/wiki\/Comisi%C3%B3n_Nacional_de_Energ%C3%ADa_At%C3%B3mica\">Comisi\u00f3n Nacional de Energ\u00eda At\u00f3mica<\/a><\/strong>, y el\u00a0<strong><a style=\"color: #000000;\" href=\"https:\/\/es.wikipedia.org\/wiki\/Instituto_Balseiro\">Instituto Balseiro<\/a><\/strong>, de la\u00a0<a style=\"color: #000000;\" href=\"https:\/\/es.wikipedia.org\/wiki\/Universidad_Nacional_de_Cuyo\">Universidad Nacional de Cuyo<\/a>, donde se dicta la carrera de\u00a0<a style=\"color: #000000;\" href=\"https:\/\/es.wikipedia.org\/wiki\/F%C3%ADsica\">F\u00edsica<\/a>,\u00a0<a style=\"color: #000000;\" href=\"https:\/\/es.wikipedia.org\/wiki\/Ingenier%C3%ADa_Nuclear\">Ingenier\u00eda Mec\u00e1nica y Nuclear<\/a>\u00a0e Ingenier\u00eda en Telecomunicaciones. La ciudad es sede de\u00a0<a style=\"color: #000000;\" href=\"https:\/\/es.wikipedia.org\/wiki\/INVAP\">INVAP<\/a>, empresa argentina de alta tecnolog\u00eda que dise\u00f1a y construye\u00a0<a style=\"color: #000000;\" href=\"https:\/\/es.wikipedia.org\/wiki\/Reactores_nucleares\">reactores nucleares<\/a>,\u00a0<a style=\"color: #000000;\" href=\"https:\/\/es.wikipedia.org\/wiki\/Radar\">radares<\/a>\u00a0y\u00a0<a style=\"color: #000000;\" href=\"https:\/\/es.wikipedia.org\/wiki\/Sat%C3%A9lite_artificial\">sat\u00e9lites<\/a>, entre otros.<\/span><\/p>\n<p class=\"p1\"><span style=\"color: #000000;\">En noviembre de 2012 Bariloche fue nombrada <strong>\u00abcapital nacional del\u00a0<a style=\"color: #000000;\" href=\"https:\/\/es.wikipedia.org\/wiki\/Turismo_aventura\">turismo aventura<\/a>\u00bb<\/strong> bajo la Ley 26802 sancionada por el\u00a0<a style=\"color: #000000;\" href=\"https:\/\/es.wikipedia.org\/wiki\/Congreso_Nacional_Argentino\">Congreso Nacional Argentino<\/a>.<\/span><\/p>\n<p>&nbsp;<\/p>\n<p><span style=\"color: #000000;\"><strong>San Mart\u00edn de los Andes<\/strong>\u00a0es una\u00a0<a style=\"color: #000000;\" href=\"https:\/\/es.wikipedia.org\/wiki\/Ciudad\">ciudad<\/a>, en el sudoeste de la\u00a0<a style=\"color: #000000;\" href=\"https:\/\/es.wikipedia.org\/wiki\/Provincia_del_Neuqu%C3%A9n\">provincia del Neuqu\u00e9n<\/a>, enclavada en la\u00a0<a style=\"color: #000000;\" href=\"https:\/\/es.wikipedia.org\/wiki\/Cordillera_de_los_Andes\">Cordillera de los Andes<\/a>, sobre la costa este del\u00a0<strong><a style=\"color: #000000;\" href=\"https:\/\/es.wikipedia.org\/wiki\/Lago_L%C3%A1car\">Lago L\u00e1car<\/a><\/strong>, y es la localidad tur\u00edstica m\u00e1s importante de la\u00a0<a style=\"color: #000000;\" href=\"https:\/\/es.wikipedia.org\/wiki\/Provincia_del_Neuqu%C3%A9n\">provincia del Neuqu\u00e9n<\/a>.<\/span><\/p>\n<p><span style=\"color: #000000;\">En 1898 el general\u00a0<a style=\"color: #000000;\" href=\"https:\/\/es.wikipedia.org\/wiki\/Rudecindo_Roca\">Rudecindo Roca<\/a>\u00a0resolvi\u00f3 reocupar el fuerte Maip\u00fa y fundar un pueblo a orillas del\u00a0<a style=\"color: #000000;\" href=\"https:\/\/es.wikipedia.org\/wiki\/Lago_L%C3%A1car\">Lago L\u00e1car<\/a>, con el fin de sentar soberan\u00eda sobre la regi\u00f3n. Es as\u00ed como el 4 de febrero de 1898 el coronel Celestino P\u00e9rez, acatando las \u00f3rdenes de este, fund\u00f3\u00a0<strong>San Mart\u00edn de los Andes<\/strong>, la \u00faltima ciudad patag\u00f3nica enmarcada en la campa\u00f1a al desierto.<\/span><\/p>\n<p><span style=\"color: #000000;\">Es uno de los puntos tur\u00edsticos m\u00e1s importantes de\u00a0<a style=\"color: #000000;\" href=\"https:\/\/es.wikipedia.org\/wiki\/Argentina\">Argentina<\/a>\u00a0y de la regi\u00f3n\u00a0<a style=\"color: #000000;\" href=\"https:\/\/es.wikipedia.org\/wiki\/Patagonia\">patag\u00f3nica<\/a>. Se accede por la\u00a0<a style=\"color: #000000;\" href=\"https:\/\/es.wikipedia.org\/wiki\/Ruta_Nacional_40_(Argentina)\">Ruta Nacional 40<\/a> y posee un aeropuerto a 21,6\u00a0km del centro.<\/span><\/p>\n<p><span style=\"color: #000000;\">San Mart\u00edn de los Andes es la cabecera del\u00a0<a style=\"color: #000000;\" href=\"https:\/\/es.wikipedia.org\/wiki\/Departamento_L%C3%A1car\">departamento L\u00e1car<\/a>, se encuentra a 640\u00a0<a style=\"color: #000000;\" href=\"https:\/\/es.wikipedia.org\/wiki\/M_s._n._m.\">m s.n.m.<\/a>\u00a0y a unos 310\u00a0<a style=\"color: #000000;\" href=\"https:\/\/es.wikipedia.org\/wiki\/Km\">km<\/a>\u00a0de la\u00a0<a style=\"color: #000000;\" href=\"https:\/\/es.wikipedia.org\/wiki\/Neuqu%C3%A9n_(ciudad)\">ciudad de Neuqu\u00e9n<\/a>.<\/span><\/p>\n","protected":false},"featured_media":7117,"comment_status":"open","ping_status":"closed","template":"","meta":{"_monsterinsights_skip_tracking":false,"_monsterinsights_sitenote_active":false,"_monsterinsights_sitenote_note":"","_monsterinsights_sitenote_category":0},"product_brand":[],"product_cat":[236,243,237,151,136,219,145,141,196,249,155,161,230],"product_tag":[],"class_list":{"0":"post-14026","1":"product","2":"type-product","3":"status-publish","4":"has-post-thumbnail","6":"product_cat-alojamiento","7":"product_cat-argentina","8":"product_cat-asistencia-medica","9":"product_cat-aventura","10":"product_cat-avistaje-de-aves","11":"product_cat-bus","12":"product_cat-cultural","13":"product_cat-montana","14":"product_cat-naturaleza","15":"product_cat-patagonia-argentina","16":"product_cat-playa","17":"product_cat-senderismo","18":"product_cat-traslados","19":"holiday_type-cultura","20":"holiday_type-descubrimiento","21":"holiday_type-montana","22":"holiday_type-nieve","23":"holiday_type-rural","24":"holiday_type-senderismo","25":"holiday_type-visitas-guiadas","26":"destination-argentina","27":"destination-patagonia-argentina","28":"destination-salidas-grupales","29":"activity_level-moderate","31":"first","32":"instock","33":"featured","34":"shipping-taxable","35":"purchasable","36":"product-type-variable"},"aioseo_notices":[],"_links":{"self":[{"href":"https:\/\/gpsviajes.com.ar\/inicio\/wp-json\/wp\/v2\/product\/14026","targetHints":{"allow":["GET"]}}],"collection":[{"href":"https:\/\/gpsviajes.com.ar\/inicio\/wp-json\/wp\/v2\/product"}],"about":[{"href":"https:\/\/gpsviajes.com.ar\/inicio\/wp-json\/wp\/v2\/types\/product"}],"replies":[{"embeddable":true,"href":"https:\/\/gpsviajes.com.ar\/inicio\/wp-json\/wp\/v2\/comments?post=14026"}],"wp:featuredmedia":[{"embeddable":true,"href":"https:\/\/gpsviajes.com.ar\/inicio\/wp-json\/wp\/v2\/media\/7117"}],"wp:attachment":[{"href":"https:\/\/gpsviajes.com.ar\/inicio\/wp-json\/wp\/v2\/media?parent=14026"}],"wp:term":[{"taxonomy":"product_brand","embeddable":true,"href":"https:\/\/gpsviajes.com.ar\/inicio\/wp-json\/wp\/v2\/product_brand?post=14026"},{"taxonomy":"product_cat","embeddable":true,"href":"https:\/\/gpsviajes.com.ar\/inicio\/wp-json\/wp\/v2\/product_cat?post=14026"},{"taxonomy":"product_tag","embeddable":true,"href":"https:\/\/gpsviajes.com.ar\/inicio\/wp-json\/wp\/v2\/product_tag?post=14026"}],"curies":[{"name":"wp","href":"https:\/\/api.w.org\/{rel}","templated":true}]}}