{"id":7504,"date":"2021-11-10T20:51:26","date_gmt":"2021-11-10T20:51:26","guid":{"rendered":"https:\/\/gpsviajes.com.ar\/inicio\/?post_type=product&#038;p=7504"},"modified":"2022-12-28T15:47:55","modified_gmt":"2022-12-28T15:47:55","slug":"cuba-verano-2022","status":"publish","type":"product","link":"https:\/\/gpsviajes.com.ar\/inicio\/product\/cuba-verano-2022\/","title":{"rendered":"CUBA | Verano 2022"},"content":{"rendered":"<p style=\"text-align: center;\"><strong>A\u00e9reo desde Buenos Aires con Cubana directo a Cayo Coco | Traslados IN\/OUT | Alojamiento 13 noches (7 noches en Cayo Coco + 4 noches en Varadero + 2 noches en La Habana) | All Inclusive o Desayuno\u00a0 |\u00a0Asistencia M\u00e9dica<\/strong><\/p>\n<p style=\"text-align: center;\"><strong>Salidas : Enero y Febrero 2022<\/strong><\/p>\n<p>&nbsp;<\/p>\n<p style=\"text-align: center;\"><strong>OPCION 1 &gt; U$D 1.950*<\/strong><\/p>\n<p style=\"text-align: center;\">7 noches en Cayo Coco \/ <strong>Tryp Cayo Coco &#8211; All Inclusive<\/strong><\/p>\n<p style=\"text-align: center;\">4 noches en Varadero \/ <strong>Sol Palmeras &#8211; All Inclusive<\/strong><\/p>\n<p style=\"text-align: center;\">2 noches en La Habana \/<strong> Try Habana Libre &#8211; Desayuno<\/strong><\/p>\n<p style=\"text-align: center;\">*Para pago en pesos argentinos, se deber\u00e1 sumar el impuesto PAIS y percepci\u00f3n AFIP Rg4815<\/p>\n<p style=\"text-align: center;\"><strong>Impuesto PAIS &gt; U$D 407<\/strong><\/p>\n<p style=\"text-align: center;\"><strong>Percepci\u00f3n AFIP RG 4815 &gt; U$D 476<\/strong><\/p>\n<p>&nbsp;<\/p>\n<p style=\"text-align: center;\"><strong>OPCION 2 &gt; U$D 2.099**<\/strong><\/p>\n<p style=\"text-align: center;\">7 noches en Cayo Coco \/ <strong>Meli\u00e1 Jardines del Rey<\/strong> <strong>&#8211; All Inclusive<\/strong><\/p>\n<p style=\"text-align: center;\">4 noches en Varadero \/ <strong>Meli\u00e1 Varadero &#8211; All Inclusive<\/strong><\/p>\n<p style=\"text-align: center;\">2 noches en La Habana \/ <strong>Meli\u00e1 Habana &#8211; Desayuno<\/strong><\/p>\n<p style=\"text-align: center;\">**Para pago en pesos argentinos, se deber\u00e1 sumar el impuesto PAIS y percepci\u00f3n AFIP Rg4815<\/p>\n<p style=\"text-align: center;\"><strong>Impuesto PAIS &gt; U$D 440<\/strong><\/p>\n<p style=\"text-align: center;\"><strong>Percepci\u00f3n AFIP RG 4815 &gt; U$D 514<\/strong><\/p>\n<p style=\"text-align: center;\">Tarifas por persona en base habitaci\u00f3n doble, expresadas en d\u00f3lares estadounidenses, incluye a\u00e9reo desde Buenos Aires con Cubana de Aviaci\u00f3n, 13 noches de alojamiento, traslados en destino, seguro m\u00e9dico, impuestos a\u00e9reos, IVA y gastos de reserva y administrativos.<\/p>\n<p style=\"text-align: center;\">Operador responsable: Freeway S.R.L. Operador de Turismo | Legajo 5714<\/p>\n<p>&nbsp;<\/p>\n<p style=\"text-align: center;\"><strong>Salidas : Enero, Febrero y Marzo 2022<\/strong><\/p>\n<p>&nbsp;<\/p>\n<p style=\"text-align: center;\"><strong>OPCION 3 &gt; U$D 1.945***<\/strong><\/p>\n<p style=\"text-align: center;\">7 noches en Cayo Coco \/ <strong>Tryp Cayo Coco<\/strong>\u00a0<strong>&#8211; All Inclusive<\/strong><\/p>\n<p style=\"text-align: center;\">4 noches en Varadero \/ <strong>Meli\u00e1 Pen\u00ednsula Varadero &#8211; All Inclusive<\/strong><\/p>\n<p style=\"text-align: center;\">2 noches en La Habana \/ <strong>Tryp Habana Libre &#8211; Desayuno<\/strong><\/p>\n<p style=\"text-align: center;\">***Para pago en pesos argentinos, se deber\u00e1 sumar el impuesto PAIS y percepci\u00f3n AFIP Rg4815<\/p>\n<p style=\"text-align: center;\"><strong>Impuesto PAIS &gt; U$D 438<\/strong><\/p>\n<p style=\"text-align: center;\"><strong>Percepci\u00f3n AFIP RG 4815 &gt; U$D 503<\/strong><\/p>\n<p style=\"text-align: center;\">Tarifas por persona en base habitaci\u00f3n doble, expresadas en d\u00f3lares estadounidenses y pagaderos en la misma moneda. Tarifas sujetas a modificaciones sin previo aviso IVA incluido. No incluye Gastos Bancarios 2,2%, ni 5% de retenci\u00f3n por pago en efectivo o dep\u00f3sito bancario. Pasaje a\u00e9reo de Cubana de Aviaci\u00f3n para viajar en los lunes desde el 3 de enero al 28 de marzo (\u00faltima salida). Incluye equipaje en bodega de 30 kg. La emisi\u00f3n debe hacerse antes del 30\/12\/2021. No incluye Visa de Cuba U$D 30.- por pasajero<\/p>\n<p style=\"text-align: center;\">Operador responsable: Be The World \/ Legajo 13041 disp. 1449\/08<\/p>\n<p>&nbsp;<\/p>\n<p style=\"text-align: center;\"><strong>CONSULTAR OTRAS OPCIONES DE PLAYAS Y COMBINACIONES DE HOTELER\u00cdA<\/strong><\/p>\n","protected":false},"excerpt":{"rendered":"<p>A\u00e9reo desde Buenos Aires con Cubana directo a Cayo Coco | Traslados IN\/OUT | Alojamiento 13 noches (7 noches en Cayo Coco + 4 noches en Varadero + 2 noches en La Habana) | All Inclusive o Desayuno\u00a0 |\u00a0Asistencia M\u00e9dica Salidas : Enero y Febrero 2022 &nbsp; OPCION 1 &gt; U$D 1.950* 7 noches en [&hellip;]<\/p>\n","protected":false},"featured_media":7509,"comment_status":"open","ping_status":"closed","template":"","meta":{"_monsterinsights_skip_tracking":false,"_monsterinsights_sitenote_active":false,"_monsterinsights_sitenote_note":"","_monsterinsights_sitenote_category":0},"product_brand":[],"product_cat":[218,236,237,250,196,155,230],"product_tag":[],"class_list":{"0":"post-7504","1":"product","2":"type-product","3":"status-publish","4":"has-post-thumbnail","6":"product_cat-aereo","7":"product_cat-alojamiento","8":"product_cat-asistencia-medica","9":"product_cat-caribe","10":"product_cat-naturaleza","11":"product_cat-playa","12":"product_cat-traslados","13":"holiday_type-cultura","14":"holiday_type-descubrimiento","15":"destination-caribe","16":"destination-salidas-grupales","17":"activity_level-moderate","19":"first","20":"instock","21":"shipping-taxable","22":"purchasable","23":"product-type-variable"},"aioseo_notices":[],"_links":{"self":[{"href":"https:\/\/gpsviajes.com.ar\/inicio\/wp-json\/wp\/v2\/product\/7504","targetHints":{"allow":["GET"]}}],"collection":[{"href":"https:\/\/gpsviajes.com.ar\/inicio\/wp-json\/wp\/v2\/product"}],"about":[{"href":"https:\/\/gpsviajes.com.ar\/inicio\/wp-json\/wp\/v2\/types\/product"}],"replies":[{"embeddable":true,"href":"https:\/\/gpsviajes.com.ar\/inicio\/wp-json\/wp\/v2\/comments?post=7504"}],"wp:featuredmedia":[{"embeddable":true,"href":"https:\/\/gpsviajes.com.ar\/inicio\/wp-json\/wp\/v2\/media\/7509"}],"wp:attachment":[{"href":"https:\/\/gpsviajes.com.ar\/inicio\/wp-json\/wp\/v2\/media?parent=7504"}],"wp:term":[{"taxonomy":"product_brand","embeddable":true,"href":"https:\/\/gpsviajes.com.ar\/inicio\/wp-json\/wp\/v2\/product_brand?post=7504"},{"taxonomy":"product_cat","embeddable":true,"href":"https:\/\/gpsviajes.com.ar\/inicio\/wp-json\/wp\/v2\/product_cat?post=7504"},{"taxonomy":"product_tag","embeddable":true,"href":"https:\/\/gpsviajes.com.ar\/inicio\/wp-json\/wp\/v2\/product_tag?post=7504"}],"curies":[{"name":"wp","href":"https:\/\/api.w.org\/{rel}","templated":true}]}}